ided by 6808?
472
Calculate the remainder when 35205927 is divided by 33.
9
Calculate the remainder when 170991 is divided by 42741.
27
What is the remainder when 33384674 is divided by 285?
59
Calculate the remainder when 14033 is divided by 6798.
437
Calculate the remainder when 988801 is divided by 89863.
308
Calculate the remainder when 2539939 is divided by 26.
25
What is the remainder when 696584 is divided by 696533?
51
What is the remainder when 4240436 is divided by 215?
206
What is the remainder when 643367 is divided by 5190?
4997
Calculate the remainder when 169085528 is divided by 2604.
2600
What is the remainder when 7196315 is divided by 1439252?
55
What is the remainder when 2261615 is divided by 259?
27
What is the remainder when 13636 is divided by 13?
12
Calculate the remainder when 1689814 is divided by 145.
129
Calculate the remainder when 17449130 is divided by 428.
426
Calculate the remainder when 67552 is divided by 34.
28
Calculate the remainder when 7072 is divided by 69.
34
Calculate the remainder when 49016564 is divided by 1419.
47
Calculate the remainder when 157286 is divided by 52405.
71
What is the remainder when 35145884 is divided by 7029175?
9
Calculate the remainder when 907308 is divided by 226587.
960
Calculate the remainder when 149103 is divided by 819.
45
What is the remainder when 130907307 is divided by 30?
27
Calculate the remainder when 4516960 is divided by 6407.
25
What is the remainder when 21790 is divided by 5235?
850
Calculate the remainder when 190523 is divided by 19039.
133
Calculate the remainder when 383973934 is divided by 83.
81
Calculate the remainder when 26449965 is divided by 911.
902
Calculate the remainder when 2877809 is divided by 63.
32
Calculate the remainder when 4624561 is divided by 424.
417
Calculate the remainder when 325910 is divided by 27050.
1310
Calculate the remainder when 1045934 is divided by 50.
34
Calculate the remainder when 116725930 is divided by 964.
954
What is the remainder when 3793273 is divided by 412?
401
Calculate the remainder when 4105193 is divided by 880.
873
What is the remainder when 121037692 is divided by 4949?
4948
Calculate the remainder when 254811 is divided by 5414.
353
Calculate the remainder when 6501162 is divided by 8797.
179
What is the remainder when 7576195 is divided by 150?
145
What is the remainder when 1175557 is divided by 6997?
61
Calculate the remainder when 27332289 is divided by 174.
21
Calculate the remainder when 162805 is divided by 2133.
697
Calculate the remainder when 1804693 is divided by 2044.
1885
What is the remainder when 2378171 is divided by 663?
653
What is the remainder when 1673289 is divided by 82?
79
Calculate the remainder when 93086 is divided by 6249.
5600
What is the remainder when 43706625 is divided by 42?
39
Calculate the remainder when 1391500 is divided by 110.
0
What is the remainder when 2478166 is divided by 932?
910
Calculate the remainder when 16583614 is divided by 2369083.
33
Calculate the remainder when 3689427 is divided by 14.
7
Calculate the remainder when 514313 is divided by 48.
41
Calculate the remainder when 724706699 is divided by 17.
14
Calculate the remainder when 51853 is divided by 4690.
263
Calculate the remainder when 2049019 is divided by 51221.
179
Calculate the remainder when 344259 is divided by 1021.
182
Calculate the remainder when 2092610 is divided by 40.
10
What is the remainder when 9100003 is divided by 7?
3
What is the remainder when 3658772 is divided by 112?
68
Calculate the remainder when 2447301 is divided by 801.
246
What is the remainder when 86472 is divided by 8446?
2012
Calculate the remainder when 193279 is divided by 48275.
179
Calculate the remainder when 25374703 is divided by 8458212.
67
What is the remainder when 723832 is divided by 304?
8
Calculate the remainder when 27046906 is divided by 87.
85
Calculate the remainder when 46688 is divided by 1648.
544
What is the remainder when 31629583 is divided by 2292?
2275
Calculate the remainder when 6618874 is divided by 4009.
15
Calculate the remainder when 51280647 is divided by 3996.
3975
Calculate the remainder when 3091849 is divided by 4816.
4793
What is the remainder when 1664343 is divided by 248?
15
Calculate the remainder when 55786563 is divided by 70.
63
What is the remainder when 513891 is divided by 513866?
25
Calculate the remainder when 901335 is divided by 129.
12
What is the remainder when 43982 is divided by 202?
148
What is the remainder when 18287110 is divided by 788?
782
Calculate the remainder when 2167975 is divided by 81.
10
Calculate the remainder when 581885 is divided by 581610.
275
Calculate the remainder when 166039 is divided by 165318.
721
Calculate the remainder when 6542503 is divided by 295.
288
What is the remainder when 8449581 is divided by 3414?
3345
What is the remainder when 16350320 is divided by 50?
20
Calculate the remainder when 19571842 is divided by 16960.
2
Calculate the remainder when 34983239 is divided by 30687.
59
Calculate the remainder when 460169 is divided by 1777.
1703
Calculate the remainder when 708832 is divided by 20250.
82
Calculate the remainder when 1112265 is divided by 211.
84
Calculate the remainder when 232799 is divided by 232760.
39
What is the remainder when 363738594 is divided by 221?
219
Calculate the remainder when 101074264 is divided by 412548.
4
What is the remainder when 103505569 is divided by 734082?
7
What is the remainder when 194774 is divided by 236?
74
Calculate the remainder when 15350193 is divided by 10.
3
Calculate the remainder when 232825 is divided by 232532.
293
Calculate the remainder when 80243 is divided by 19902.
635
Calculate the remainder when 6096765 is divided by 3695.
15
Calculate the remainder when 25424 is divided by 982.
874
Calculate the remainder when 6974742 is divided by 2652.
2634
Calculate the remainder when 26050049 is divided by 219.
218
Calculate the remainder when 3559946903 is divided by 72.
71
What is the remainder when 3211738 is divided by 401454?
106
What is the remainder when 480030 is divided by 60000?
30
Calculate the remainder when 393991 is divided by 64818.
5083
What is the remainder when 1803509 is divided by 369?
206
Calculate the remainder when 1393789 is divided by 92.
81
What is the remainder when 88410 is divided by 2210?
10
Calculate the remainder when 845832 is divided by 845793.
39
Calculate the remainder when 51453593 is divided by 34.
33
Calculate the remainder when 7930987 is divided by 41.
29
What is the remainder when 4926 is divided by 3771?
1155
Calculate the remainder when 1899706659 is divided by 1654.
1651
Calculate the remainder when 2825 is divided by 1410.
5
Calculate the remainder when 15296 is divided by 844.
104
Calculate the remainder when 758948 is divided by 4714.
4708
Calculate the remainder when 1408 is divided by 618.
172
Calculate the remainder when 1718089 is divided by 472.
9
What is the remainder when 142069139 is divided by 15?
14
Calculate the remainder when 11308516 is divided by 665203.
65
Calculate the remainder when 16671199 is divided by 193850.
99
What is the remainder when 280482179 is divided by 15?
14
Calculate the remainder when 44584 is divided by 335.
29
Calculate the remainder when 53107 is divided by 25.
7
Calculate the remainder when 47176431 is divided by 11794098.
39
What is the remainder when 3200399 is divided by 399?
20
Calculate the remainder when 119007 is divided by 5780.
3407
What is the remainder when 693800 is divided by 4786?
4616
What is the remainder when 78987 is divided by 19745?
7
What is the remainder when 740034 is divided by 269?
15
Calculate the remainder when 1689 is divided by 306.
159
Calculate the remainder when 378754 is divided by 1018.
58
Calculate the remainder when 527365 is divided by 1396.
1073
Calculate the remainder when 4102001 is divided by 1998.
107
Calculate the remainder when 94100 is divided by 1912.
412
What is the remainder when 61586744 is divided by 1790?
4
What is the remainder when 256219 is divided by 49968?
6379
Calculate the remainder when 6515012 is divided by 16922.
42
What is the remainder when 460982 is divided by 94?
6
What is the remainder when 832632 is divided by 4